-4*v + 1068 = -5*a, -5*v = 2*a - 0*a - w. Suppose 236 = 6*j - v. What is the tens digit of j?
8
Let z(x) be the second derivative of -x**5/8 + 3*x**4/4 - 19*x**3/6 - x. Let t(w) be the second derivative of z(w). What is the units digit of t(-6)?
8
What is the units digit of 264/7*(-13944)/(-288)*6?
6
Let a(x) = x**3 - 40*x**2 + 6*x + 155. Let o be 16/(-40)*400/((-12)/3). What is the tens digit of a(o)?
9
Suppose 2*a - 19 = -i, -3*i + 0*a + 41 = 2*a. Let k(v) = 103*v - 83. What is the units digit of k(i)?
0
Let u(g) = -5*g + 59. Let q be u(17). Let l(z) = z**2 - 8*z - 11. What is the hundreds digit of l(q)?
8
Suppose -957 = 5*a - 4082. Suppose -335 = -2*l - 5*h, 0 = -l - 3*l - h + a. Let d = l - 105. What is the tens digit of d?
5
Suppose -6 = -9*o + 30. What is the tens digit of (o/5)/(5664/(-2835) + 2)?
7
Let u(a) = 21*a + 73. Let k be u(23). Suppose 3*o - k = -5*w, 3*o - w + 0*w - 580 = 0. What is the tens digit of o?
9
Suppose -2*w - 19 = -h, -4*w - 11 - 10 = -h. Suppose -57*c + h*c + 47240 = 0. What is the units digit of c?
1
Let c(d) = 7*d - 9. Let q be c(2). Suppose -u = q*s - 1284, 5*s - 5*u + 7*u = 1283. What is the units digit of s?
7
Let j(u) = 118*u**3 - 11*u**2 + 6*u - 38. What is the hundreds digit of j(4)?
3
Let x(p) = 4*p + 27. Let r be x(-6). What is the units digit of 547 - -1*(r - 2 - 0)?
8
Let m(z) = -4*z**2 - 313*z - 160. What is the thousands digit of m(-69)?
2
Let c be (-3)/(12/(-52)) + (-2 - -7). Suppose -13*j + c*j - p = 3147, -5*p - 1268 = -2*j. What is the units digit of j?
9
Let j(y) be the third derivative of -y**4/2 - 4*y**3/3 + 3*y**2. Let p(n) = -11*n - 8. Let w(f) = -4*j(f) + 3*p(f). What is the hundreds digit of w(9)?
1
Let t(h) = 3*h**2 - 44*h - 1184. What is the tens digit of t(-24)?
0
Let n be 5/1*(24 + -23). Suppose -3*h = 4*o - 2376 - 1247, 4*o - 3617 = -n*h. What is the hundreds digit of o?
9
Let w = 1995 - -388. Let v = w + -1268. What is the thousands digit of v?
1
Let c be 5/(50/(-45)) - (-3)/(-2). What is the units digit of (c - (-13)/2)*296?
8
Let r = 10888 + -4099. What is the hundreds digit of r?
7
Suppose 0 = 2*y - 7*y + 35. Let c be (y/(-14))/(2 - (-17)/(-8)). Suppose h + 2*p - 35 = 7*p, 0 = -c*h - 3*p + 71. What is the units digit of h?
0
Let s be ((-49)/(-21))/(2/12). Suppose -5 + s = x. Let w(l) = 4*l**2 - 30*l - 8. What is the tens digit of w(x)?
4
Suppose 2*n + 6 = -0*n, t - 5*n = -55. Let w = t - -84. Suppose w*m - 600 = 6*m. What is the units digit of m?
5
Let g(r) = 6*r**2 + 35*r + 452. What is the tens digit of g(-38)?
8
Let u(b) = -4*b - 47. Let q be u(-17). Let t be 5/((-2)/(-20) - 0). Let l = t - q. What is the tens digit of l?
2
Suppose 0 = 8*c - 9*c + 1288. Suppose 25*d - c = 17*d. What is the hundreds digit of d?
1
Let s = -25 - -76. Let g = 55 - s. Suppose -g*y - 112 = -608. What is the hundreds digit of y?
1
Suppose 6071 = h + 2*k, h - k + 12145 = 3*h. What is the hundreds digit of h?
0
What is the units digit of ((-418)/(-6))/(8/432)?
2
Let m = 19 - 15. Let w(a) = -60 - m*a + 80 + 0*a + a. What is the units digit of w(-6)?
8
Let t = -32 - -37. Suppose 3 = -t*k + 18. Suppose 4*n + 194 = 2*p, -k*n - 75 = 3*p - 330. What is the units digit of p?
9
Suppose 4*c - 473 = -7*c. Let v = -57 + c. What is the tens digit of (4374/189)/((-2)/v)?
6
Let c(n) = 98*n**2 + 68*n + 1211. What is the hundreds digit of c(-19)?
2
Suppose -18931 - 60144 = -610*f + 3275. What is the tens digit of f?
3
Let x = -44043 - -73833. What is the units digit of x?
0
Suppose -49 - 27 = 2*c. Let j = 38 + c. Suppose 3*t = 3*g - 3 - 66, 4*g + t - 92 = j. What is the units digit of g?
3
What is the hundreds digit of (-11816)/(-3) - ((-1188)/(-81) + -15)?
9
Suppose -4*k = h - 26142 - 685, -4*h = 3*k - 107308. What is the thousands digit of h?
6
Suppose -6*y - 1680 = -4896. What is the hundreds digit of 7/(14/4) + y/1?
5
Let h be 0 - 2/(-4)*10. Suppose 3*k - l - 779 = 2100, h*k - 4789 = -3*l. What is the tens digit of k?
5
Let k(o) = -100*o + 5013. What is the units digit of k(-44)?
3
Suppose -4*a - f + 44 = 0, 4*a - 22*f + 21*f - 44 = 0. What is the tens digit of 7676/a + (-112)/(-616)?
9
Suppose -5*g + 87 = -4*a, -4*a + 47 = g + 116. What is the hundreds digit of a/(-3 - (-1 - 104/53))?
4
Suppose 189282 = 58*c - 6410. What is the tens digit of c?
7
Let g(c) = 2*c**3 - 9*c**2 + 8*c + 17. Let u be g(7). Suppose 14*h - 11*h = u. What is the units digit of h?
6
Let r = -514 - -542. Suppose r*y - 13*y - 19575 = 0. What is the hundreds digit of y?
3
Let r(k) = -29*k + 82. Let s(x) = 3*x - 90. Let j be s(28). What is the units digit of r(j)?
6
Let i = 51 + -43. Let d be (2/6)/(i/1776). Suppose -79*w + 500 = -d*w. What is the tens digit of w?
0
Suppose -2*b = u - 48520, -5*b + 119*u + 121326 = 115*u. Suppose b = -79*v + 93*v. What is the units digit of v?
3
What is the ten thousands digit of (207/(-23 + 14))/(2*(-3)/4074)?
1
What is the units digit of (-1)/((-2498353)/166556 + 15)?
2
What is the hundreds digit of (-20)/2 + 5660 - (-6)/(-2 + 0)?
6
What is the units digit of (-13060)/(-26) - (-724)/(-2353)?
2
Let z(r) = -202*r + 806. What is the tens digit of z(-26)?
5
Let v(l) = l**3 - 9*l**2 + 14*l - 19. Let h be v(7). Let f(c) = c**3 + 26*c**2 + 125*c - 19. What is the units digit of f(h)?
3
Let i = -24 - -36. What is the units digit of 4/3*(12 + i)?
2
Let a = -78 - 79. Suppose k = -2*v - 600, v = -4*k + 49 - 349. Let s = a - v. What is the tens digit of s?
4
Suppose -3*r = 15, 3*k - 3*r + 2*r - 6752 = 0. Suppose -k = 11*v - 6044. What is the hundreds digit of v?
3
Let j(x) = -48*x**2 + x - 4. Let t(c) = -c**3 + 7*c**2 - 7*c + 8. Let r be t(6). Let h be j(r). Let k = -119 - h. What is the units digit of k?
5
Let l = -2263 - -6202. What is the hundreds digit of l?
9
Suppose -2574799 = 18*j - 105*j + 1165070. What is the thousands digit of j?
2
Suppose 20*x - 6771 = 201769. What is the hundreds digit of x?
4
Suppose 0 = 44*h - 43*h + 2. What is the hundreds digit of ((-9)/(-12))/(7119/3556 + h)?
3
Let f be (1 + -1170)*((-656)/56 - -10). Suppose 0 = -9*g + f + 1596. What is the hundreds digit of g?
4
Let z = 23040 - 14205. What is the tens digit of z?
3
Let j(h) = h**2 - h**3 + 110*h + 142 - 110*h. Let t be j(0). Let n = 201 - t. What is the tens digit of n?
5
Suppose -f = -4*t - 4, -4*f + 40 = t + 7. Let q = -26 - -24. What is the tens digit of ((-585)/(-20) + q/f)*1?
2
Let j = -21796 + 50536. What is the hundreds digit of j?
7
Suppose f + f + 20 = 3*w, -4*w + 24 = -2*f. What is the units digit of 9583/14 + w/(8/3)?
6
Let m(d) = 2*d**2 + 6*d - 17. Let k be m(-13). Let s = -396 + k. Let o = 214 + s. What is the tens digit of o?
6
What is the hundreds digit of 3/(-3)*(36 + -38) - -287?
2
Let q = 21041 - 12456. What is the thousands digit of q?
8
Suppose p = 2*p + 4*x - 13, -2*x = p - 5. What is the units digit of 164 + (p + 1)/1?
2
Let x be -11 + (1 + -3 - 2). Let r(y) = y**2 + 8*y - 6. Let j be r(x). Suppose 3*b - j = 2*o, -3*b - b + 5*o + 132 = 0. What is the units digit of b?
3
Let z(v) = -7*v + 51. Let c(g) be the third derivative of -g**4/12 - 29*g**3/3 - 34*g**2. Let u be c(-22). What is the units digit of z(u)?
9
Let g(y) = 6*y + 83. Let r be g(-27). Let n = r - -710. What is the tens digit of n?
3
Let h be 546/65 + (-4)/10. Let q(i) be the second derivative of i**3/3 + 11*i**2/2 - i. What is the units digit of q(h)?
7
Let j(c) = 10*c**2 + 873*c - 60. What is the units digit of j(-99)?
3
What is the hundreds digit of (-64528332)/(-2178) + 8/18*9/6?
6
Let j = 30410 - 7561. What is the thousands digit of j?
2
Let z = 4233 + 1668. What is the hundreds digit of z?
9
Suppose 4*l - 29584 = -4*m, -l + 2*m + 2091 = -5290. What is the hundreds digit of l?
3
Let f(o) = o**3 + 46*o**2 + 9*o + 163. What is the thousands digit of f(-45)?
1
Suppose -4*p + 1104 = -2*y - 0*y, 2*p + 2*y - 552 = 0. Let b = p - 150. What is the units digit of b?
6
Suppose 3*c - 3*d = 15, 1 + 4 = -5*c - 5*d. Suppose -2*l - c*u + 0*u = -66, -l = -5*u - 39. Suppose l*o = 37*o - 309. What is the tens digit of o?
0
Suppose -31*r = -1496993 - 17047 - 267437. What is the units digit of r?
7
Suppose -5*z - 5*q - 85 = 0, -2*z + 5*q - 65 = -24. Let j be -2*6/z + (-1)/(-3). What is the units digit of ((-12)/(-16))/(4/(48*j))?
9
Let k = 14 - 32. What is the tens 